0 + -88 + -25 - -17 - (-10 - -1)) + 4
-53
Calculate 54 + (16 - -10) + (-1 - 6 - (5 - 2)).
70
What is the value of -11 + (-19 - -19) - -19 - 20?
-12
Calculate (-1 - -1 - (1 - -6)) + 111 + -139 + 76.
41
What is 2 + (-1 + 11 - (-14 - (-75 + 18) - 0))?
-31
-111 - (-4 + 15 + 14 - 18) - -22
-96
What is the value of 14766 - 14775 - (69 - (1 - (4 + -2)))?
-79
Evaluate -4 - 2 - (70 + (-73 + 94 - (45 - -2))).
-50
Evaluate -2 - 4 - 11 - (-195 + 157) - 135.
-114
9 + 13 + 8 - (150 + -158)
38
Evaluate 13 - ((5 - (13 + -7)) + -20).
34
What is 85 - 46 - (50 - 35)?
24
-45 - ((-4 - -20) + -87 + 47)
-21
Calculate 16 + (-56 - (23 - 65)).
2
What is (38 - 74) + 32 + 0 + 1?
-3
Calculate (1 - -13) + -15 + (7 + (4 - -3) - -1).
14
What is 86 - (-25 - -45) - 48?
18
What is the value of 1 + 211 + -217 + -4 + 19 + 3?
13
What is -13 + (-11 - ((0 - -9) + -18 - -14)) + -23?
-52
Evaluate (-40 - -57) + 64 + 4 + -14 + -2.
69
13 + -6 + 43 + -8
42
What is the value of (154 - 69) + -15 + -18 + 15?
67
What is the value of -6 - (-8 + (-12 - -5) + 7) - -38?
40
Evaluate 3 + (22 - (-21 + 26)).
20
Calculate -26 + -10 + 13 - -10 - (-12 + -65).
64
What is 3067 - 3074 - (-1 + 23)?
-29
What is 181 + -119 + 1 - (-1 + 38)?
26
What is 147 + -155 + -3 - (1 - 2 - 0 - 91)?
81
What is (-72 + (11 - -29) - -29) + 26?
23
Evaluate -40 + (9 - -36) - 21.
-16
What is -535 + 556 + (-21 - 7 - -8)?
1
Calculate -2 + (10 + (44 - 85) - (-2 - 1 - -1)).
-31
4 + 1 - (0 - 3) - (19 + -11 + 30)
-30
Evaluate 651 - 580 - (3 - -33).
35
What is (20 - 25) + -11 - 2 - 43?
-61
What is the value of (34 - (9 + -19)) + (7 + -5 - 4)?
42
Evaluate -24 - (23 - (-43 + 88)).
-2
Evaluate 15 + (-9 - (14 + (-1 - 6))) - (21 + -9).
-13
(-1 - 1) + 18 + (589 - 583) - 1
21
Calculate 19 + -16 + 1 - (-3 - -3 - 21) - -14.
39
Calculate (33 - (21 - 7)) + 4 + (2 - -4).
29
What is the value of 122 + -21 + -95 + 19?
25
What is the value of (-25 - -104 - 99) + (7 - (2 + 0))?
-15
Evaluate -6 + (35 - 9) + -39.
-19
What is the value of -12341 - -12337 - (-35 + 0 - -1)?
30
What is the value of -5 + (16 - -5) - (-15 - -61)?
-30
Evaluate 63 - -51 - (181 - 133).
66
Calculate -143 - -1 - (-8 + 5 + -14) - -14.
-111
What is the value of 961 + -966 + (-28 - -2) - -97?
66
Evaluate -60 + -4 + 29 + -11.
-46
5 + (-12 - -13 - (0 + 6) - (100 + -109))
9
Evaluate -29 + (24 - 27) - (27 + 6).
-65
Calculate -23 - (12 - 18 - ((4 - (-3 - -1)) + -13)).
-24
(-13 + -2 + 3 - (-870 - -843)) + 2 + 115
132
What is the value of (-44 - -52 - 18 - (0 + -88)) + -13 + 3?
68
What is 71 - -10 - (-5 - -18) - (0 - -14)?
54
Evaluate 46 + -3 - (-7 - (-5 + -37)).
8
What is the value of (-570 - -565) + -2 + 3 + -130 + 0 + 0?
-134
Calculate -20 + 13 + 0 + 13 + -1 + (-400 - -390).
-5
Calculate (16 + 7 - 55 - -10) + -14.
-36
What is -5 - ((-16 - 41) + 9 + 23)?
20
What is the value of (803 - 797) + (3 - (32 - 1))?
-22
Calculate 30 + (68 - -4 - (-125 + 130)).
97
What is the value of 45 + (15 - 51) - 6?
3
What is 101 + -62 - (0 + 53)?
-14
What is 42 - (-174 + 302 + (-5 - -11))?
-92
What is -49 + -31 + 105 + (0 - -19)?
44
What is the value of -11 - ((3 - (39 + -50)) + (-2 + 27 - -2))?
-52
Evaluate -68 + 76 - (8 - (1 - (-11 - 1))).
13
What is -8 + (-5 - -3) + -2 - (-85 + (-74 - -224))?
-77
Evaluate (1 - (-12 + (-12 - -19))) + 119 - (11 - 6).
120
(7 + -35 - (7 - (-9 + 21 - 3))) + -14
-40
Evaluate 27 + 9 + -14 + -12 + 3 + -25 - -46.
34
Calculate -1 + 6 + (8 - (-40 - -33 - (-6 + -16))).
-2
Calculate 5 + -32 + 170 - (5 + -5).
143
Evaluate 9 - (-21 - -9) - (-4 - (-24 - -90)).
91
Evaluate 14 - -2 - (-172 + 177) - (-21 - (3 - 4)).
31
What is the value of -58 + 181 + -67 - -20?
76
7 + (-22 - -11) + (-2 - 25) + -4
-35
What is 32 + -28 + -19 + 19 + 2?
6
What is the value of (-7 - (22 + -4)) + (8 - (-6 - (-3 + -5)))?
-19
What is -67 - 0 - (-1992 - -1933)?
-8
What is the value of 16 + 0 + ((28 - 13) + -11 - 174)?
-154
Calculate 1 - (5 - 8) - (150 + -134 + 0 + 0).
-12
What is (-16 + 18 - (0 + 3)) + 18 + -6?
11
Evaluate -1 - ((-2 - 0 - (-28 + 18)) + 2) - 15.
-26
What is the value of (-20 - (9 + -77)) + (-1 - (4 + 2 + -8))?
49
What is 31 - (77 + -31) - 19?
-34
Calculate 14 - ((-26 - -21) + 31) - ((4 - 46) + -4).
34
Calculate 21 + -43 - -38 - (197 - 42).
-139
-2 + (17 - 2) + (-1238 - -1238)
13
What is 88 + -26 - (20 + 16)?
26
What is 66 + (7 - (12 + 6) - 13)?
42
Evaluate -1 - ((13 + (-16 - -7) - -1) + -4).
-2
What is -6 - (1 + 9 + (-106 - -153) + -42)?
-21
Calculate 60 - (2 - 3) - (35 + -19 + -16).
61
What is the value of 79 + -3 - (162 + -127)?
41
What is the value of (4 - (-4 - -36)) + -3 + (20 - 16)?
-27
Evaluate 97 + -35 - (69 - -23).
-30
Evaluate -6 + 10 + -5 + (8 - -59 - -7 - 12).
61
What is -8 - (-2 + (4 - 5)) - ((-71 - 5) + -1)?
72
Evaluate 12 + (8 - 21) + (3 - (5 - 1) - 39).
-41
Evaluate (27 + (33 - 78 - -17) - (1 - 25)) + -10.
13
Calculate 6 + (-1 - 5) - ((-4 - 12) + -8).
24
(0 - 12) + (773 - 793) + -11
-43
Evaluate (11 - 62) + -69 + 71.
-49
What is -6 + (-19 + 16 - -48) + 10?
49
What is (284 - 393) + 0 + 96?
-13
Calculate 45 - 39 - (-3 + -5) - ((7 - -1) + 99).
-93
What is the value of -394 + 397 + (-1 - 2) - 10 - (-1 + 19)?
-28
What is -22 - (-17 - -5) - (33 + (-43 - -22))?
-22
Evaluate -51 + ((0 - 4) + 2 - (-20 + 13 + 20)).
-66
What is the value of (-6 - -17) + (-16 - (0 - (-18 + 24))) - -104?
105
What is the value of 60 - ((8 - -57) + 47)?
-52
Evaluate (-29 - (9 - -55)) + (-4 + 2 - (-9 - -1)).
-87
What is 4 - (-127 + 232 - (4 - -27))?
-70
What is (19 + 3 + -13 - -3 - 66) + -12 + 1?
-65
(17 + -31 - -9) + (-1 - 2 - 43)
-51
What is the value of 19 + -42 + -15 - (1 - 2)?
-37
Calculate (7 - 25) + 1 + 10 - (20 - (-5 + 17)).
-15
Calculate (-11 - 0 - (-15 + (-4 - -13))) + -3 + 42.
34
Calculate 15 + -22 + (-31 - -20).
-18
Calculate 3 - (-20 - (13 + -47) - 34).
23
Calculate 2 + 3 + (2 - 0) - (-15 - (54 + -31)).
45
Evaluate (585 - 543) + (29 + -4 - 1).
66
What is -1 - (-8 + -16) - (-6 + 10)?
19
What is 138 + -117 + -177 - -86?
-70
Calculate -34 - ((-14 - (-11 - -8) - 2) + (-3 - -6)).
-24
What is -14 - (-7 - (-2 - -13)) - 53?
-49
Calculate (-101 - -47 - -34) + -5.
-25
Evaluate -45 + -68 + -5 + (14 - (-1 + 14)).
-117
Calculate -11 + 115 + 91 + -108.
87
What is the value of ((10 - 20) + -4 - (-4 + -6)) + 60?
56
What is the value of 2 + 23 + -22 - 58 - (-13 - 1)?
-41
Evaluate (-2 + 8 - -1 - -4) + (25 - (23 + 13)).
0
What is -49 + -75 - -143 - 113?
-94
What is (-125 - -120) + (-5 - (-15 + 8) - 9)?
-12
35 - (-78 - -25 - -62)
26
What is (6 - 7) + (30 - (110 - 54))?
-27
4 + (-2 - (1 - 11) - (36 + -14 + -47))
37
Calculate (-9 - -1 - (17 + -4)) + (18 - 19).
-22
What is 178 - (110 + (74 - 90))?
84
Evaluate 32 - (21 - (-27 - -114 - 12)).
86
Evaluate (26 + -3 - 10) + -25 + 2 + 44.
34
793 + -724 + 2 + -99
-28
Evaluate (11 - 43 - (55 - 12)) + -11 + 1.
-85
What is -10 + 27 + (96 - 128)?
-15
Calculate (-45 - -123) + -55 + (-12 - 12) + -1 + -66.
-68
Calculate -36 + -147 + 218 + -63 + 0 + -1.
-29
Evaluate -632 - -623 - (2 + 4 + 43).
-58
What is -78 - (-9 + 16) - -8 - (-11 - 4)?
-62
Calculate (-5 - (1 - 8)) + (-135 - -170).
37
Evaluate -31 + -150 - (65 - 212).
-34
What is (-9 - -4) + 14 + -17 + 13 + 5 - 129?
-119
What is -3 - (-6 - 5 - (0 + (-4 - -4) + 30))?
38
What is the value of -32 + (-21 - -11) + 16 - (0 - 157)?
131
-36 - (15 + -77) - -5
31
What is 4 - (0 - (2 + -28)) - (-675 - -677)?
-24
What is the value of -3 + (22 + -55 - -32 - -12)?
8
What is the value of 35 - (104 + -189) - 122?
-2
What is -1 + -8 + (-12 - (-2 + -13 + -13) - 60)?
-53
Evaluate (-313 - -295) + (-7 + 3 - -8 - 53).
-67
What is the value of (-1 + -20 - (28 - 47)) + -51 + 1?
-52
What is the value of -36 - ((-44 - (-97 + 67)) + 1 + 0)?
-23
What is the value of (2 - 3) + 2 - (-36 + 42 + -41)?
36
What is the value of (19 - 21) + 23 + -9?
12
What is the value of (-81 - (-139 - -46)) + (-2 - 13) - 5?
-8
What is (-2 - 24) + (-171 - -151)?
-46
What is 129 - (25 + -3 - (47 + -8 + -20))?
126
Calculate 9 - (9 - (10 - -1 - (104 - 113))).
20
Calculate -38 - 1 - (-75 - (-34 + -65)).
-63
Calculate 0 + -3 - (-1300 + 1268 + -1 + 46).
-16
What is the value of (87 - 131) + 165 - 82?
39
What is -3 + (0 - 6) + (86 - 170) + 77?
-16
What is the value of -26 + (21 - (9 + -7) - (25 - 10))?
-22
What is the value of 0 + -34 + (-233 - -92 - -160)?
-15
(-14 - -22) + (21 - 41) + -12
-